{"id":3,"date":"2020-08-28T05:26:13","date_gmt":"2020-08-28T05:26:13","guid":{"rendered":"https:\/\/shop-thermalcombustion.com\/?page_id=3"},"modified":"2020-09-04T14:59:00","modified_gmt":"2020-09-04T14:59:00","slug":"politica-privacidad","status":"publish","type":"page","link":"https:\/\/thermalcombustion.com\/catalogo1\/politica-privacidad\/","title":{"rendered":"Pol\u00edtica de privacidad"},"content":{"rendered":"\n<h2 class=\"wp-block-heading\">Aviso de Privacidad de Uso de Datos<\/h2>\n\n\n\n<p>Nuestro sitio Web: http:\/\/www.thermalcombustion.com<\/p>\n\n\n\n<p>En cumplimiento a la Ley Federal de Protecci\u00f3n de Datos Personales en Posesi\u00f3n de los Particulares (\u201cLa Ley\u201d), Thermal Combustion, S. de R.L. de C.V. (\u201cLa Empresa\u201d) con domicilio en Calle 29 B Sur 3511, El Vergel, 72400 Puebla, Pue. Act\u00faa como responsable de la confidencialidad, uso y protecci\u00f3n de los datos personales que le fueran proporcionados por cualquier medio.<\/p>\n\n\n\n<p>Los datos personales que recopila ser\u00e1n destinados \u00fanicamente a los siguientes prop\u00f3sitos: (i) contacto, (ii) fines de identificaci\u00f3n y de verificaci\u00f3n, (iii) ofrecimiento y venta de nuestros bienes y servicios, (iv) identificaci\u00f3n y cualquier tipo de relaci\u00f3n jur\u00eddica o de negocios que realice con \u201cLa Empresa\u201d. Para las finalidades anteriores podr\u00e1n ser requeridos su nombre, direcci\u00f3n, tel\u00e9fonos, correo electr\u00f3nico, RFC, fecha y lugar de nacimiento, sexo, nacionalidad y edad.<\/p>\n\n\n\n<p>En caso de que se desee limitar el uso o la divulgaci\u00f3n de su informaci\u00f3n personal, ejercitar sus derechos de acceder, rectificar o cancelar sus datos personales, al igual que, oponerse al tratamiento de los mismos y revocar el consentimiento que para tal fin le hayan sido proporcionados a \u201cLa Empresa\u201d, lo podr\u00e1 realizar a trav\u00e9s del siguiente correo electr\u00f3nico&nbsp;<strong>info@therrmalcombustion.com<\/strong>; cumpliendo con los requisitos que establece el art\u00edculo 29 de \u201cLa Ley\u201d, y se seguir\u00e1 el procedimiento establecido en la misma. Sus datos personales no ser\u00e1n divulgados ni transferidos a terceros, como tampoco ser\u00e1n utilizados para fines distintos a los establecidos en el presente; salvaguardando su protecci\u00f3n y confidencialidad, de acuerdo a lo establecido en \u201cLa Ley\u201d. Que \u201cLa Empresa\u201d, se reserva el derecho a modificar el presente Aviso de Privacidad en el futuro. En todo caso, cualquier modificaci\u00f3n al mismo se har\u00e1 de su conocimiento mediante correo electr\u00f3nico.<\/p>\n","protected":false},"excerpt":{"rendered":"<p>Aviso de Privacidad de Uso de Datos Nuestro sitio Web: http:\/\/www.thermalcombustion.com En cumplimiento a la Ley Federal de Protecci\u00f3n de Datos Personales en Posesi\u00f3n de los Particulares (\u201cLa Ley\u201d), Thermal Combustion, S. de R.L. de C.V. (\u201cLa Empresa\u201d) con domicilio en Calle 29 B Sur 3511, El Vergel, 72400 Puebla, Pue. Act\u00faa como responsable de [&hellip;]<\/p>\n","protected":false},"author":1,"featured_media":0,"parent":0,"menu_order":0,"comment_status":"closed","ping_status":"open","template":"","meta":{"content-type":"","footnotes":"","_joinchat":[]},"_links":{"self":[{"href":"https:\/\/thermalcombustion.com\/catalogo1\/wp-json\/wp\/v2\/pages\/3"}],"collection":[{"href":"https:\/\/thermalcombustion.com\/catalogo1\/wp-json\/wp\/v2\/pages"}],"about":[{"href":"https:\/\/thermalcombustion.com\/catalogo1\/wp-json\/wp\/v2\/types\/page"}],"author":[{"embeddable":true,"href":"https:\/\/thermalcombustion.com\/catalogo1\/wp-json\/wp\/v2\/users\/1"}],"replies":[{"embeddable":true,"href":"https:\/\/thermalcombustion.com\/catalogo1\/wp-json\/wp\/v2\/comments?post=3"}],"version-history":[{"count":1,"href":"https:\/\/thermalcombustion.com\/catalogo1\/wp-json\/wp\/v2\/pages\/3\/revisions"}],"predecessor-version":[{"id":104,"href":"https:\/\/thermalcombustion.com\/catalogo1\/wp-json\/wp\/v2\/pages\/3\/revisions\/104"}],"wp:attachment":[{"href":"https:\/\/thermalcombustion.com\/catalogo1\/wp-json\/wp\/v2\/media?parent=3"}],"curies":[{"name":"wp","href":"https:\/\/api.w.org\/{rel}","templated":true}]}}