{"id":1047,"date":"2023-05-12T16:33:46","date_gmt":"2023-05-12T16:33:46","guid":{"rendered":"https:\/\/shop-thermalcombustion.com\/producto\/import-placeholder-for-699\/"},"modified":"2023-06-23T16:58:41","modified_gmt":"2023-06-23T16:58:41","slug":"control-de-temperatura-siemens-rwf50-30a9","status":"publish","type":"product","link":"https:\/\/thermalcombustion.com\/catalogo1\/producto\/control-de-temperatura-siemens-rwf50-30a9\/","title":{"rendered":"Control de temperatura Siemens RWF50.30A9"},"content":{"rendered":"<p>Regulador universal compacto optimizado para la regulaci\u00f3n de temperatura y presi\u00f3n, para el control de quemadores modulantes o multietapa y sistemas de climatizaci\u00f3n<\/p>\n","protected":false},"excerpt":{"rendered":"<p>RWF50.30A9<\/p>\n","protected":false},"featured_media":703,"template":"","meta":{"content-type":"","_joinchat":[]},"product_cat":[43],"product_tag":[51],"_links":{"self":[{"href":"https:\/\/thermalcombustion.com\/catalogo1\/wp-json\/wp\/v2\/product\/1047"}],"collection":[{"href":"https:\/\/thermalcombustion.com\/catalogo1\/wp-json\/wp\/v2\/product"}],"about":[{"href":"https:\/\/thermalcombustion.com\/catalogo1\/wp-json\/wp\/v2\/types\/product"}],"wp:featuredmedia":[{"embeddable":true,"href":"https:\/\/thermalcombustion.com\/catalogo1\/wp-json\/wp\/v2\/media\/703"}],"wp:attachment":[{"href":"https:\/\/thermalcombustion.com\/catalogo1\/wp-json\/wp\/v2\/media?parent=1047"}],"wp:term":[{"taxonomy":"product_cat","embeddable":true,"href":"https:\/\/thermalcombustion.com\/catalogo1\/wp-json\/wp\/v2\/product_cat?post=1047"},{"taxonomy":"product_tag","embeddable":true,"href":"https:\/\/thermalcombustion.com\/catalogo1\/wp-json\/wp\/v2\/product_tag?post=1047"}],"curies":[{"name":"wp","href":"https:\/\/api.w.org\/{rel}","templated":true}]}}