{"id":998,"date":"2023-05-12T16:32:56","date_gmt":"2023-05-12T16:32:56","guid":{"rendered":"https:\/\/shop-thermalcombustion.com\/producto\/import-placeholder-for-404\/"},"modified":"2023-06-23T16:24:51","modified_gmt":"2023-06-23T16:24:51","slug":"actuador-siemens-skp25-013u1-2","status":"publish","type":"product","link":"https:\/\/thermalcombustion.com\/catalogo1\/producto\/actuador-siemens-skp25-013u1-2\/","title":{"rendered":"Actuador Siemens SKP25.013U1"},"content":{"rendered":"<p>El SKP25 funciona como regulador de presi\u00f3n de gas y regula dicha presi\u00f3n conforme al valor te\u00f3rico especificado mediante el muelle de valor te\u00f3rico o la se\u00f1al de presi\u00f3n del aire.<\/p>\n","protected":false},"excerpt":{"rendered":"<p>Actuadores para v\u00e1lvulas de gas | Modutrol | Servomotor<\/p>\n","protected":false},"featured_media":219,"template":"","meta":{"content-type":"","_joinchat":[]},"product_cat":[37],"product_tag":[51],"_links":{"self":[{"href":"https:\/\/thermalcombustion.com\/catalogo1\/wp-json\/wp\/v2\/product\/998"}],"collection":[{"href":"https:\/\/thermalcombustion.com\/catalogo1\/wp-json\/wp\/v2\/product"}],"about":[{"href":"https:\/\/thermalcombustion.com\/catalogo1\/wp-json\/wp\/v2\/types\/product"}],"wp:featuredmedia":[{"embeddable":true,"href":"https:\/\/thermalcombustion.com\/catalogo1\/wp-json\/wp\/v2\/media\/219"}],"wp:attachment":[{"href":"https:\/\/thermalcombustion.com\/catalogo1\/wp-json\/wp\/v2\/media?parent=998"}],"wp:term":[{"taxonomy":"product_cat","embeddable":true,"href":"https:\/\/thermalcombustion.com\/catalogo1\/wp-json\/wp\/v2\/product_cat?post=998"},{"taxonomy":"product_tag","embeddable":true,"href":"https:\/\/thermalcombustion.com\/catalogo1\/wp-json\/wp\/v2\/product_tag?post=998"}],"curies":[{"name":"wp","href":"https:\/\/api.w.org\/{rel}","templated":true}]}}